 l*g**2 + 1/15*g**5 + 0*g**4. Determine s(-4).
5
Let b(t) be the second derivative of -t**3 + 0 - 1/12*t**4 + 7/2*t**2 - t. Give b(-5).
12
Let d be (-1 - -3 - 3)*1. Let h(v) = -6*v - 7. Let m(q) = -13*q - 16. Let r(i) = -9*h(i) + 4*m(i). What is r(d)?
-3
Let h(c) = c**3 + c**2 + 1. Let p(s) = -7*s**3 - 15*s**2 + 4. Let d(a) = 6*h(a) + p(a). Give d(-9).
10
Let m(z) = -z**3 - 9*z - 1. Let n(d) = -d**3 + d**2 - 10*d - 1. Let u(k) = -6*m(k) + 5*n(k). Give u(-3).
7
Let f(u) = 2*u + 9. Let q be (-2)/2 + (-10 - -5). Let i be (q/(-5))/(1/(-5)). What is f(i)?
-3
Let a(w) = 7*w + 14. Let j(c) = 11*c + 21. Let o(n) = -8*a(n) + 5*j(n). Give o(-7).
0
Suppose t = -t - 10. Let k(i) = -i**2 - 5*i + 4. Give k(t).
4
Let l be (-28)/(-6) - 2/3. Suppose 4*m - 54 = -5*o, 3*o - 3*m + 13 = l*o. Let j = 6 - o. Let t(g) = -g**2 - 2*g + 2. What is t(j)?
-6
Let n(s) be the first derivative of 8*s - 1/2*s**2 - 4. Calculate n(6).
2
Let h(w) = w**2 + 11*w + 11. Suppose 0 = k + g + 10, 2*k + 13 + 1 = g. Give h(k).
-13
Let k(u) = -u**2 + 1. Let h(m) = -3*m**2 - m - 5. Let n(t) = 2*t - 11 + t - 6*t - 7*t**2. Let x(p) = 5*h(p) - 2*n(p). Let z(c) = -3*k(c) - x(c). What is z(-1)?
5
Let a(o) = -3*o**3 - 2*o**2 + 9*o + 19 + 2*o**3 - 15 - 3*o**2. What is a(-6)?
-14
Let z(a) be the first derivative of 2 + a - 1/2*a**2 - 1/3*a**3 - 1/2*a**4. Let h(y) = y**3 - 6*y**2 - 6*y - 6. Let n be h(7). What is z(n)?
-3
Let j(w) = w**2 - 6*w + 5. Let d(l) = -l**2 + l - 1. Let g(t) = 3*d(t) + j(t). Calculate g(-3).
-7
Let b(g) be the first derivative of 3*g**2/2 + 5*g - 1. Determine b(-4).
-7
Let n(k) = 4 + 2 + k - 6. Calculate n(5).
5
Let p be ((-14)/4 + 4)*4. Let t(w) = 51*w**p + 4*w + 3 - 25*w**2 - 25*w**2. Suppose 3*r + 6 = -4*y - 2, 5*r = 0. Give t(y).
-1
Let o(v) be the third derivative of v**6/60 - v**4/24 - v**3/3 + 3*v**2. Determine o(2).
12
Let y(a) = -a**2 + a. Let g(r) = -r**2 - 7*r - 4. Let f be g(-6). Let l be y(f). Let z(v) = 3*v - 1. What is z(l)?
-7
Let y(n) = -3*n - 4. Let v be y(-3). Let g(k) be the first derivative of k**4/4 - 5*k**3/3 - 5*k + 4. Calculate g(v).
-5
Let h(m) = -m**2 - 5*m - 4. Suppose 2 = -2*l, 6*j + 3*l = 4*j - 13. Let g = 1 + -9. Let z = g - j. Calculate h(z).
2
Let g(f) = f**2 - 2*f. Let r(k) = 2*k**2 - 5*k + 1. Let q(s) = -7*g(s) + 3*r(s). Determine q(-5).
-17
Let a(h) = 2*h**3 - 5*h**2 + 2*h. Let s(y) = y**2 - 8*y + 3. Let u be s(0). What is a(u)?
15
Let f(d) = -d**3 + d**2 - d - 2. Suppose b = -5*m + 10, 6*m - 29 = 2*m - 5*b. Let q be (0/(-2) + 0)/m. What is f(q)?
-2
Let t(h) = -h**2 - 2*h - 2. Let r(v) = -v**2 - 3*v - 1. Let x(f) = -4*r(f) + 3*t(f). What is x(-6)?
-2
Let s(n) be the first derivative of -n**3 + 13*n**3 - 8*n**3 + 7 - n. Give s(-1).
11
Let y(d) = d - 11. Let h(j) = 2*j - 7. Let p be h(7). Determine y(p).
-4
Let k(q) = -6*q**3. Let j = -4 + 6. Suppose 3*c - b = j, -4*c - 2*b = -c - 14. Suppose 2*s + 4 = -c*s. Calculate k(s).
6
Let q = -11 - -11. Suppose k - o - 1 = 0, -5*o + 13 = 4*k - 3*k. Let s(b) = -2*b**k + q*b - 2*b + b + 3*b**2. Calculate s(2).
-6
Suppose -4*d + 21 = -d - 5*t, 3*t = 0. Let x(w) = -w - 1. What is x(d)?
-8
Let z(q) = q**2 - q - 1. Let o(s) = 5*s**3 - 13*s**2 + 5*s - 1. Let n(u) = -u**3 - u. Let d(g) = 6*n(g) + o(g). Let w(m) = -d(m) - 6*z(m). Determine w(-6).
1
Let p(m) = 2*m**2 - 3*m - 3. Let r be p(3). Let c(x) = -r*x + 6*x**2 + 0*x**2 + 2 + 2 - x**3 + 1. Calculate c(5).
0
Let k(g) = -2*g. Let r be -2 + 1/(-3)*-3. Let x be k(r). Let q = x - 0. Let m(y) = -2*y**2 + 2*y - 1. What is m(q)?
-5
Let y(v) = 3*v + 4. Let b(i) = 9*i**2 + i - 1. Let s = 2 - -5. Let t(h) = -4*h**2. Let g(o) = s*t(o) + 3*b(o). Let k be g(3). Give y(k).
-5
Suppose 2*k - 2*t - 4 = 0, 0 = 3*k + 3*t - 0*t - 12. Let x(z) be the second derivative of 1/20*z**5 - 1/3*z**4 + 1/6*z**k - 2*z - 1/2*z**2 + 0. What is x(4)?
3
Let n(d) be the first derivative of -d**3/3 + d**2/2 + 11*d + 26. Give n(0).
11
Let l = -7 + 10. Suppose l*s - 16 = 7*s. Let j(i) be the first derivative of -3*i**2/2 - 3*i + 2. Give j(s).
9
Let n(s) = -s**3 + 6*s**2 - 4. Let q be n(6). Let y(o) = -o**3 - 2*o**2 - o - 3. Let u(m) = m**3 + 2*m**2 + m + 3. Let v(z) = q*y(z) - 3*u(z). What is v(-3)?
-9
Suppose 3*h - 16 = -4*m, 3*m - 23 = -2*h - 3*h. Let y = -4 - m. Let c(v) be the first derivative of v**4/4 + 4*v**3/3 - 3*v**2 - 3. What is c(y)?
5
Let p(s) = 10*s**3 + 10*s**2 - 10*s + 18. Let j(k) be the first derivative of 3*k**4/4 + k**3 - 3*k**2/2 + 6*k - 2. Let m(v) = 7*j(v) - 2*p(v). What is m(0)?
6
Suppose -4*h - 3*q = 27, 0 = 3*h + 4*q - 13 + 42. Suppose -4*c - 21 = 3*y, -2*y - c - 3 - 6 = 0. Let z = h - y. Let m(v) = v - 3. What is m(z)?
-3
Let w(g) be the first derivative of -g**3/3 - 5*g**2/2 + 3*g + 24. Calculate w(-4).
7
Suppose 4*o = 0, 2 = -a - 5*o + 6*o. Let c(q) be the third derivative of -q**5/15 - q**4/8 + 3*q**2. Calculate c(a).
-10
Let a(d) be the first derivative of d**4 - d - 1. Suppose 2*h = 5*o - 25 + 7, -6 = -2*o + 2*h. Suppose 5*i = -4*c + 19, -c - 2*i + o = -3. Calculate a(c).
3
Let h be ((-2)/(-5))/(2/(-10)). Let s(v) = -v**2 - 2*v + 2. Suppose 2 = q + 3. Let m(n) = -n + 1. Let p(b) = q*s(b) + 2*m(b). Determine p(h).
4
Let c(m) be the second derivative of m**6/360 - m**5/120 + m**4/4 - 2*m. Let r(z) be the third derivative of c(z). Determine r(-3).
-7
Let w(s) = -s**2 + s + 11. Let k be 45/2 - 1/(-2). Suppose 3*o + 14 + 10 = 3*i, -4*i + o = -k. Suppose -q = -i*q. Calculate w(q).
11
Let l(x) = 12*x. Let i(n) = -6*n. Let t(z) = -5*i(z) - 3*l(z). What is t(-1)?
6
Let r(d) = d - 4. Let k be r(0). Let j = 2 + 2. Let p(o) = 0*o + 0 - 2*o - 2*o - j. Calculate p(k).
12
Let v = -45 - -39. Let o(h) = -h**2 - 7*h - 1. Determine o(v).
5
Let t(w) be the first derivative of 3 + 3/2*w**2 + 2*w. Give t(3).
11
Let a be 2/(1*2)*(-70)/(-35). Let n(h) = -h**3 - h**2 + h + 1. Determine n(a).
-9
Let n(q) = q**2 - 9*q + 12. Let g(z) = z**3 + z**2 - 17*z - 4. Let j be g(4). Give n(j).
4
Let z(c) = c + 5. Suppose 2*o - 20 = -2*x - 0*o, 2*o - 10 = 0. Suppose 0 = 4*s + x + 11. Let r be z(s). Let b(y) = 7*y**2 - 1. Give b(r).
6
Let z(v) = -4*v**3 - 9 - 7*v**2 + 2*v**3 + 8*v + 3*v**3. What is z(6)?
3
Let x(a) = a**2 - 9*a + 5. Suppose d + 8 = v, -3*v = -d - d - 22. What is x(v)?
-13
Let t(r) be the second derivative of r**3/6 + r**2/2 + r. Let x(n) = -n**3 + 4*n**2 - 3*n - 2. Let c be x(3). Let w be c/6 - 22/6. Determine t(w).
-3
Let d(m) = -5*m - 7. Let s(v) = v + 1. Let l(u) = -d(u) - 6*s(u). Give l(-5).
6
Let g(q) = q**2. Let b(y) = -8*y**2 - y + 1. Let m(j) = -b(j) - 5*g(j). Calculate m(-2).
9
Let n = 4 + 1. Let q be 3/6*1*4. Let u(t) = q*t - 10 + 4 + t. Calculate u(n).
9
Suppose 0 = 2*l - 5*l - 6. Let c(h) = h**2 + 5*h + 2. Calculate c(l).
-4
Let v(x) = x**2 - 5*x + 5. Let t be 3/9*9 + (0 - -1). Determine v(t).
1
Let y(r) = -r**2 - 9*r - 4. Let g be -6 - (-2)/6*-6. Determine y(g).
4
Let j(h) = -2 + 0 + 5*h + 1 + 0*h**2 - h**2. Let i be j(5). Let u(r) = -3*r**3 + r**2 + r + 1. What is u(i)?
4
Let o = 7 + -3. Let h(i) = i**3 - 6*i - i**2 + 2 + 3*i**2 + o*i. Determine h(-3).
-1
Let q(i) = 2*i**3 + 4*i**2 + 2*i - 2. Suppose 9*o + 11 + 7 = 0. Determine q(o).
-6
Let t(v) = v**2 - 7. Let k be t(0). Let s(h) = -h**3 - 7*h**2 - 7. Calculate s(k).
-7
Let w(p) be the third derivative of p**6/20 - p**5/60 + p**2. Let g be 3*(-1)/2*(-42)/63. Calculate w(g).
5
Let n(g) = -g**3 - 4*g**2 + 4. Suppose 0*l + l = -4. Give n(l).
4
Suppose 5*q = -0*q + 25. Let k(d) = -d**3 + 10*d**2 - 7*d - 6. Let n(m) = m**3 - 9*m**2 + 6*m + 6. Let c(t) = 3*k(t) + 4*n(t). Give c(q).
-4
Let v(i) = i**3 + 5*i**2 + 4*i - 3. Let n(d) = -12 - 9*d**2 - 10*d + 0*d - 4*d**3 + d + 3*d**3. Let q be n(-8). Calculate v(q).
-3
Let a(c) = -8 - 5*c + 4*c - 26*c**2 + 27*c**2. Determine a(0).
-8
Let v(x) = 7*x**2 + 5 - x**3 + 0*x - 9 - 8*x. Let g be v(6). Let d = 11 + g. Let j(k) = -k**3 - 4*k**2 + 7*k + 3. Determine j(d).
-7
Let x = 25 + -10. Let s(g) = x*g**2 - 29*g**2 + 4 - g**3 + 18*g**2 + 5*g. What is s(5)?
4
Let t(b) = -b**3 + 6*b**2 - 5*b + 7. Let h(o) = -o**3 + 6*o**2 - 6*o + 5. Let d be h(5). Suppose -4*r - 20 = -8*r - 3*g, d = -3*r - 3*g + 15. Calculate t(r).
7
Let f(p) = -p**3 - p**2 + 2*p + 2. Suppose -3*h - 4*j = -20 - 4, 4*h = j + 13. Let u(m) = 3 + 0 + 4*m**2 + 2*m**3 - h*m - m**3. Let k be u(-5). Calculate f(k).
2
Let w(